{"id":5864,"date":"2025-07-02T12:08:46","date_gmt":"2025-07-02T10:08:46","guid":{"rendered":"https:\/\/pablomartinhevia.com\/?page_id=5864"},"modified":"2025-07-23T11:35:58","modified_gmt":"2025-07-23T09:35:58","slug":"otras-actividades","status":"publish","type":"page","link":"https:\/\/pablomartinhevia.com\/en\/otras-actividades\/","title":{"rendered":"Other activities"},"content":{"rendered":"<div data-elementor-type=\"wp-page\" data-elementor-id=\"5864\" class=\"elementor elementor-5864\" data-elementor-post-type=\"page\">\n\t\t\t\t<div class=\"elementor-element elementor-element-0d8a9cd e-flex e-con-boxed e-con e-parent\" data-id=\"0d8a9cd\" data-element_type=\"container\" data-e-type=\"container\">\t\t\t<div class=\"e-con-inner\">\r\n\t\t<div class=\"elementor-element elementor-element-d1fe20b e-con-full e-flex e-con e-child\" data-id=\"d1fe20b\" data-element_type=\"container\" data-e-type=\"container\" data-settings=\"{&quot;background_background&quot;:&quot;classic&quot;}\">\t\t<\/div>\r\n\t\t<div class=\"elementor-element elementor-element-02f831b e-con-full e-flex e-con e-child\" data-id=\"02f831b\" data-element_type=\"container\" data-e-type=\"container\" data-settings=\"{&quot;background_background&quot;:&quot;classic&quot;}\">\t\t<div class=\"elementor-element elementor-element-f53cbfe elementor-widget-widescreen__width-auto elementor-widget elementor-widget-pxl_heading\" data-id=\"f53cbfe\" data-element_type=\"widget\" data-e-type=\"widget\" data-widget_type=\"pxl_heading.default\">\n\t\t\t\t<div class=\"elementor-widget-container\">\n\t\t\t\t\t\n<div id=\"pxl-pxl_heading-f53cbfe-7544\" class=\"pxl-heading px-sub-title-default-style\">\n\t<div class=\"pxl-heading--inner\">\n\t\t\n\t\t<h3 class=\"pxl-item--title style-default highlight-default\" data-wow-delay=\"ms\">\n\n\t\t\t<span class=\"pxl-heading--text\">\n\n\t\t\t\t\t\t\t\t\tOtras            <span class=\"pxl-title--highlight\">\n                actividades            <\/span>\n        \t\n\t\t\t\t\t\n\n\t\t\t<\/span>\n\t\t<\/h3>\n\t\t\n\t<\/div>\n<\/div>\t\t\t\t<\/div>\n\t\t\t\t<\/div>\n\t\t\t\t<div class=\"elementor-element elementor-element-91ec5e1 elementor-widget elementor-widget-pxl_divider\" data-id=\"91ec5e1\" data-element_type=\"widget\" data-e-type=\"widget\" data-widget_type=\"pxl_divider.default\">\n\t\t\t\t<div class=\"elementor-widget-container\">\n\t\t\t\t\t<div class=\"pxl-divider\">\r\n    <span>\r\n        <i><\/i>\r\n        <i><\/i>\r\n        <i><\/i>\r\n        <i><\/i>\r\n    <\/span>\r\n<\/div>\t\t\t\t<\/div>\n\t\t\t\t<\/div>\n\t\t\t\t<div class=\"elementor-element elementor-element-b41018b elementor-widget elementor-widget-text-editor\" data-id=\"b41018b\" data-element_type=\"widget\" data-e-type=\"widget\" data-widget_type=\"text-editor.default\">\n\t\t\t\t<div class=\"elementor-widget-container\">\n\t\t\t\t\t\t\t\t\t<div data-id=\"50e97aa\" data-element_type=\"widget\" data-widget_type=\"text-editor.default\"><div><p><strong>DOCENCIA:<\/strong><\/p><p>A lo largo de mi carrera he tenido la oportunidad de formar parte de equipos docentes universitarios, as\u00ed como de participar en ciclos de conferencias divulgativas, siempre con el objetivo de compartir mi experiencia.<\/p><\/div><\/div><div data-id=\"1eec220\" data-element_type=\"container\"><div data-id=\"eda35a5\" data-element_type=\"widget\" data-widget_type=\"text-editor.default\"><div><p><strong>Puestos Docentes:<\/strong><\/p><p><strong>Profesor Asociado<\/strong><br \/>Universidad de Oviedo, Escuela Polit\u00e9cnica de Ingenier\u00eda de Gij\u00f3n.<\/p><p><strong>Asignatura<\/strong>: Instalaciones Industriales (Ingenier\u00eda de la construcci\u00f3n).<\/p><p><strong>Departamento<\/strong>: Construcci\u00f3n e Ingenier\u00eda de Fabricaci\u00f3n.<br \/>Fechas: (2012-2013)<\/p><\/div><\/div><div data-id=\"4455935\" data-element_type=\"widget\" data-widget_type=\"text-editor.default\"><div><p><strong>Cursos Impartidos:<\/strong><\/p><p><strong>Curso de Extensi\u00f3n Universitaria<\/strong> \u00abOrganizaci\u00f3n, Programaci\u00f3n y Control de Obras de Construcci\u00f3n\u201d\u00a0<span style=\"letter-spacing: 0px;\">Fechas:<\/span><span style=\"letter-spacing: 0px;\">\u00a0(2009 al 2013)<\/span><\/p><p><strong>Ponencia:<\/strong> \u201cImprevistos en la construcci\u00f3n. Lo proyectado y lo construido\u201d.<br \/>Fechas: (2009, 2010, 2011, 2012, 2013.)<br \/>Organizado por: Vicerrectorado de Extensi\u00f3n Universitaria, Cultura y Deportes de la Universidad de Oviedo.<\/p><p><strong>Curso de Extensi\u00f3n Universitaria<\/strong> \u00abLa industrializaci\u00f3n de la construcci\u00f3n\u201d (2009)<br \/><strong>Ponencia:<\/strong> \u201cEl Proyecto con m\u00f3dulos tridimensionales\u201d.<br \/>(2009)<br \/>Organizado por: Vicerrectorado de Extensi\u00f3n Universitaria, Cultura y Deportes de la Universidad de Oviedo.<\/p><p><strong>Especialista en Sostenibilidad<\/strong> en la Arquitectura<br \/>Universidad de Oviedo, T\u00edtulo propio del postgrado.<br \/>Asignatura: Recursos Naturales, Materiales Ecol\u00f3gicos.\u00a0<span style=\"letter-spacing: 0px;\">Fechas:\u00a0<\/span><span style=\"letter-spacing: 0px;\">(2013-2014.)<\/span><\/p><p>Organizado por: Universidad de Oviedo, Universidad Polit\u00e9cnica de Madrid y el Centro Internacional de Postgrado<\/p><\/div><\/div><div data-id=\"ac34923\" data-element_type=\"widget\" data-widget_type=\"text-editor.default\"><div><p><strong>Conferencias:<\/strong><\/p><p>\u00a0\u00abEl proceso de la construcci\u00f3n: fases, riesgos y medidas de seguridad\u201d. Centro de Educaci\u00f3n para Personas Adultas de Avil\u00e9s.(2011)<br \/>Organizado por: Centro de Educaci\u00f3n para Personas Adultas de Avil\u00e9s.<\/p><\/div><\/div><\/div><div data-id=\"be35aea\" data-element_type=\"widget\" data-widget_type=\"text-editor.default\"><p><strong>INVESTIGACION:<\/strong><\/p><p>Estudios Urban\u00edsticos para la conservaci\u00f3n y restauraci\u00f3n de la Medina de Fez, (Marruecos).<\/p><p>Escuela T\u00e9cnica Superior de Arquitectura de Sevilla. Programa subvencionado por la UNESCO (1988)<\/p><p><strong>COMUNICACIONES, PONENCIAS Y PUBLICACIONES:\u00a0\u00a0<\/strong><\/p><p><strong>De Granja Agron\u00f3mica a Parque Cient\u00edfico Tecnol\u00f3gico de Gij\u00f3n\u201d.<\/strong> Coautor. Editorial CICEES. Colecci\u00f3n <em>Los ojos de la memoria<\/em>, INCUNA (2021). Dep\u00f3sito Legal: AS 00856-2021<\/p><p><strong>De secadero de tabaco a centro tecnol\u00f3gico Prodintec\u201d<\/strong>. Comunicaci\u00f3n presentada en las XVIII Jornadas Internacionales de Patrimonio Industrial. Coautor (Gij\u00f3n, 2016)<\/p><p>An\u00e1lisis del inmueble de Marqu\u00e9s San Esteban 4, Gij\u00f3n. La Nueva Espa\u00f1a, 2000.<\/p><p><strong>DEONTOLOGIA PROFESIONAL:<\/strong><\/p><p><strong>Vocal electo de la Comisi\u00f3n Deontol\u00f3gica<\/strong> del Colegio Oficial de Arquitectos de Asturias. (1988-2004)<\/p><\/div>\t\t\t\t\t\t\t\t<\/div>\n\t\t\t\t<\/div>\n\t\t\t\t<\/div>\r\n\t\t\t\t\t<\/div>\r\n\t\t\t\t<\/div>\r\n\t\t\t\t<\/div>","protected":false},"excerpt":{"rendered":"<p>Otras actividades DOCENCIA: A lo largo de mi carrera he tenido la oportunidad de formar parte de equipos docentes universitarios, as\u00ed como de participar en ciclos de conferencias divulgativas, siempre con el objetivo de compartir mi experiencia. Puestos Docentes: Profesor AsociadoUniversidad de Oviedo, Escuela Polit\u00e9cnica de Ingenier\u00eda de Gij\u00f3n. Asignatura: Instalaciones Industriales (Ingenier\u00eda de la [&hellip;]<\/p>\n","protected":false},"author":1,"featured_media":0,"parent":0,"menu_order":0,"comment_status":"closed","ping_status":"open","template":"","meta":{"footnotes":""},"class_list":["post-5864","page","type-page","status-publish","hentry"],"_links":{"self":[{"href":"https:\/\/pablomartinhevia.com\/en\/wp-json\/wp\/v2\/pages\/5864","targetHints":{"allow":["GET"]}}],"collection":[{"href":"https:\/\/pablomartinhevia.com\/en\/wp-json\/wp\/v2\/pages"}],"about":[{"href":"https:\/\/pablomartinhevia.com\/en\/wp-json\/wp\/v2\/types\/page"}],"author":[{"embeddable":true,"href":"https:\/\/pablomartinhevia.com\/en\/wp-json\/wp\/v2\/users\/1"}],"replies":[{"embeddable":true,"href":"https:\/\/pablomartinhevia.com\/en\/wp-json\/wp\/v2\/comments?post=5864"}],"version-history":[{"count":32,"href":"https:\/\/pablomartinhevia.com\/en\/wp-json\/wp\/v2\/pages\/5864\/revisions"}],"predecessor-version":[{"id":6730,"href":"https:\/\/pablomartinhevia.com\/en\/wp-json\/wp\/v2\/pages\/5864\/revisions\/6730"}],"wp:attachment":[{"href":"https:\/\/pablomartinhevia.com\/en\/wp-json\/wp\/v2\/media?parent=5864"}],"curies":[{"name":"wp","href":"https:\/\/api.w.org\/{rel}","templated":true}]}}

<div data-elementor-type="wp-page" data-elementor-id="5864" class="elementor elementor-5864" data-elementor-post-type="page">
				<div class="elementor-element elementor-element-0d8a9cd e-flex e-con-boxed e-con e-parent" data-id="0d8a9cd" data-element_type="container" data-e-type="container">			<div class="e-con-inner">
		<div class="elementor-element elementor-element-d1fe20b e-con-full e-flex e-con e-child" data-id="d1fe20b" data-element_type="container" data-e-type="container" data-settings="{&quot;background_background&quot;:&quot;classic&quot;}">		</div>
		<div class="elementor-element elementor-element-02f831b e-con-full e-flex e-con e-child" data-id="02f831b" data-element_type="container" data-e-type="container" data-settings="{&quot;background_background&quot;:&quot;classic&quot;}">		<div class="elementor-element elementor-element-f53cbfe elementor-widget-widescreen__width-auto elementor-widget elementor-widget-pxl_heading" data-id="f53cbfe" data-element_type="widget" data-e-type="widget" data-widget_type="pxl_heading.default">
				<div class="elementor-widget-container">
					
<div id="pxl-pxl_heading-f53cbfe-7544" class="pxl-heading px-sub-title-default-style">
	<div class="pxl-heading--inner">
		
		<h3 class="pxl-item--title style-default highlight-default" data-wow-delay="ms">

			<span class="pxl-heading--text">

									Otras            <span class="pxl-title--highlight">
                actividades            </span>
        	
					

			</span>
		</h3>
		
	</div>
</div>				</div>
				</div>
				<div class="elementor-element elementor-element-91ec5e1 elementor-widget elementor-widget-pxl_divider" data-id="91ec5e1" data-element_type="widget" data-e-type="widget" data-widget_type="pxl_divider.default">
				<div class="elementor-widget-container">
					<div class="pxl-divider">
    <span>
        <i></i>
        <i></i>
        <i></i>
        <i></i>
    </span>
</div>				</div>
				</div>
				<div class="elementor-element elementor-element-b41018b elementor-widget elementor-widget-text-editor" data-id="b41018b" data-element_type="widget" data-e-type="widget" data-widget_type="text-editor.default">
				<div class="elementor-widget-container">
									<div data-id="50e97aa" data-element_type="widget" data-widget_type="text-editor.default"><div><p><strong>DOCENCIA:</strong></p><p>A lo largo de mi carrera he tenido la oportunidad de formar parte de equipos docentes universitarios, así como de participar en ciclos de conferencias divulgativas, siempre con el objetivo de compartir mi experiencia.</p></div></div><div data-id="1eec220" data-element_type="container"><div data-id="eda35a5" data-element_type="widget" data-widget_type="text-editor.default"><div><p><strong>Puestos Docentes:</strong></p><p><strong>Profesor Asociado</strong><br />Universidad de Oviedo, Escuela Politécnica de Ingeniería de Gijón.</p><p><strong>Asignatura</strong>: Instalaciones Industriales (Ingeniería de la construcción).</p><p><strong>Departamento</strong>: Construcción e Ingeniería de Fabricación.<br />Fechas: (2012-2013)</p></div></div><div data-id="4455935" data-element_type="widget" data-widget_type="text-editor.default"><div><p><strong>Cursos Impartidos:</strong></p><p><strong>Curso de Extensión Universitaria</strong> «Organización, Programación y Control de Obras de Construcción” <span style="letter-spacing: 0px;">Fechas:</span><span style="letter-spacing: 0px;"> (2009 al 2013)</span></p><p><strong>Ponencia:</strong> “Imprevistos en la construcción. Lo proyectado y lo construido”.<br />Fechas: (2009, 2010, 2011, 2012, 2013.)<br />Organizado por: Vicerrectorado de Extensión Universitaria, Cultura y Deportes de la Universidad de Oviedo.</p><p><strong>Curso de Extensión Universitaria</strong> «La industrialización de la construcción” (2009)<br /><strong>Ponencia:</strong> “El Proyecto con módulos tridimensionales”.<br />(2009)<br />Organizado por: Vicerrectorado de Extensión Universitaria, Cultura y Deportes de la Universidad de Oviedo.</p><p><strong>Especialista en Sostenibilidad</strong> en la Arquitectura<br />Universidad de Oviedo, Título propio del postgrado.<br />Asignatura: Recursos Naturales, Materiales Ecológicos. <span style="letter-spacing: 0px;">Fechas: </span><span style="letter-spacing: 0px;">(2013-2014.)</span></p><p>Organizado por: Universidad de Oviedo, Universidad Politécnica de Madrid y el Centro Internacional de Postgrado</p></div></div><div data-id="ac34923" data-element_type="widget" data-widget_type="text-editor.default"><div><p><strong>Conferencias:</strong></p><p> «El proceso de la construcción: fases, riesgos y medidas de seguridad”. Centro de Educación para Personas Adultas de Avilés.(2011)<br />Organizado por: Centro de Educación para Personas Adultas de Avilés.</p></div></div></div><div data-id="be35aea" data-element_type="widget" data-widget_type="text-editor.default"><p><strong>INVESTIGACION:</strong></p><p>Estudios Urbanísticos para la conservación y restauración de la Medina de Fez, (Marruecos).</p><p>Escuela Técnica Superior de Arquitectura de Sevilla. Programa subvencionado por la UNESCO (1988)</p><p><strong>COMUNICACIONES, PONENCIAS Y PUBLICACIONES:  </strong></p><p><strong>De Granja Agronómica a Parque Científico Tecnológico de Gijón”.</strong> Coautor. Editorial CICEES. Colección <em>Los ojos de la memoria</em>, INCUNA (2021). Depósito Legal: AS 00856-2021</p><p><strong>De secadero de tabaco a centro tecnológico Prodintec”</strong>. Comunicación presentada en las XVIII Jornadas Internacionales de Patrimonio Industrial. Coautor (Gijón, 2016)</p><p>Análisis del inmueble de Marqués San Esteban 4, Gijón. La Nueva España, 2000.</p><p><strong>DEONTOLOGIA PROFESIONAL:</strong></p><p><strong>Vocal electo de la Comisión Deontológica</strong> del Colegio Oficial de Arquitectos de Asturias. (1988-2004)</p></div>								</div>
				</div>
				</div>
					</div>
				</div>
				</div>

<p>Otras actividades DOCENCIA: A lo largo de mi carrera he tenido la oportunidad de formar parte de equipos docentes universitarios, así como de participar en ciclos de conferencias divulgativas, siempre con el objetivo de compartir mi experiencia. Puestos Docentes: Profesor AsociadoUniversidad de Oviedo, Escuela Politécnica de Ingeniería de Gijón. Asignatura: Instalaciones Industriales (Ingeniería de la [&hellip;]</p>
